{"id":533,"date":"2021-11-26T06:26:44","date_gmt":"2021-11-26T10:26:44","guid":{"rendered":"http:\/\/memorialchalatenango.com\/?page_id=533"},"modified":"2021-11-29T20:52:52","modified_gmt":"2021-11-30T00:52:52","slug":"home","status":"publish","type":"page","link":"http:\/\/memorialchalatenango.com\/en\/","title":{"rendered":"Home"},"content":{"rendered":"<div data-elementor-type=\"wp-page\" data-elementor-id=\"533\" class=\"elementor elementor-533\" data-elementor-settings=\"[]\">\n\t\t\t\t\t\t<div class=\"elementor-inner\">\n\t\t\t\t\t\t\t<div class=\"elementor-section-wrap\">\n\t\t\t\t\t\t\t<section class=\"elementor-section elementor-top-section elementor-element elementor-element-12874403 elementor-section-full_width elementor-section-stretched elementor-section-height-default elementor-section-height-default\" data-id=\"12874403\" data-element_type=\"section\" data-settings=\"{&quot;stretch_section&quot;:&quot;section-stretched&quot;}\">\n\t\t\t\t\t\t<div class=\"elementor-container elementor-column-gap-default\">\n\t\t\t\t\t\t\t<div class=\"elementor-row\">\n\t\t\t\t\t<div class=\"elementor-column elementor-col-100 elementor-top-column elementor-element elementor-element-59304f6a\" data-id=\"59304f6a\" data-element_type=\"column\">\n\t\t\t<div class=\"elementor-column-wrap elementor-element-populated\">\n\t\t\t\t\t\t\t<div class=\"elementor-widget-wrap\">\n\t\t\t\t\t\t<div class=\"elementor-element elementor-element-4a549c6 elementor-widget elementor-widget-image\" data-id=\"4a549c6\" data-element_type=\"widget\" data-widget_type=\"image.default\">\n\t\t\t\t<div class=\"elementor-widget-container\">\n\t\t\t\t\t\t\t\t<div class=\"elementor-image\">\n\t\t\t\t\t\t\t\t\t\t\t\t<img width=\"2000\" height=\"1333\" src=\"http:\/\/memorialchalatenango.com\/wp-content\/uploads\/2021\/11\/sobrevivientes-masacre-los-amates-02.jpg\" class=\"attachment-full size-full\" alt=\"\" loading=\"lazy\" srcset=\"http:\/\/memorialchalatenango.com\/wp-content\/uploads\/2021\/11\/sobrevivientes-masacre-los-amates-02.jpg 2000w, http:\/\/memorialchalatenango.com\/wp-content\/uploads\/2021\/11\/sobrevivientes-masacre-los-amates-02-300x200.jpg 300w, http:\/\/memorialchalatenango.com\/wp-content\/uploads\/2021\/11\/sobrevivientes-masacre-los-amates-02-1024x682.jpg 1024w, http:\/\/memorialchalatenango.com\/wp-content\/uploads\/2021\/11\/sobrevivientes-masacre-los-amates-02-768x512.jpg 768w, http:\/\/memorialchalatenango.com\/wp-content\/uploads\/2021\/11\/sobrevivientes-masacre-los-amates-02-1536x1024.jpg 1536w, http:\/\/memorialchalatenango.com\/wp-content\/uploads\/2021\/11\/sobrevivientes-masacre-los-amates-02-18x12.jpg 18w, http:\/\/memorialchalatenango.com\/wp-content\/uploads\/2021\/11\/sobrevivientes-masacre-los-amates-02-1200x800.jpg 1200w, http:\/\/memorialchalatenango.com\/wp-content\/uploads\/2021\/11\/sobrevivientes-masacre-los-amates-02-1980x1320.jpg 1980w\" sizes=\"(max-width: 2000px) 100vw, 2000px\" \/>\t\t\t\t\t\t\t\t\t\t\t\t\t\t<\/div>\n\t\t\t\t\t\t<\/div>\n\t\t\t\t<\/div>\n\t\t\t\t\t\t<\/div>\n\t\t\t\t\t<\/div>\n\t\t<\/div>\n\t\t\t\t\t\t\t\t<\/div>\n\t\t\t\t\t<\/div>\n\t\t<\/section>\n\t\t\t\t<section class=\"elementor-section elementor-top-section elementor-element elementor-element-97737ec elementor-section-boxed elementor-section-height-default elementor-section-height-default\" data-id=\"97737ec\" data-element_type=\"section\">\n\t\t\t\t\t\t<div class=\"elementor-container elementor-column-gap-default\">\n\t\t\t\t\t\t\t<div class=\"elementor-row\">\n\t\t\t\t\t<div class=\"elementor-column elementor-col-100 elementor-top-column elementor-element elementor-element-3dd2e57\" data-id=\"3dd2e57\" data-element_type=\"column\">\n\t\t\t<div class=\"elementor-column-wrap elementor-element-populated\">\n\t\t\t\t\t\t\t<div class=\"elementor-widget-wrap\">\n\t\t\t\t\t\t<div class=\"elementor-element elementor-element-0d2a108 elementor-widget elementor-widget-text-editor\" data-id=\"0d2a108\" data-element_type=\"widget\" data-widget_type=\"text-editor.default\">\n\t\t\t\t<div class=\"elementor-widget-container\">\n\t\t\t\t\t\t\t\t<div class=\"elementor-text-editor elementor-clearfix\">\n\t\t\t\t<p><strong>Las Masacres de Chalatenango<\/strong> es un proyecto documental que da cuenta de las masacres que fueron perpetradas en Chalatenango, El Salvador, durante los primeros a\u00f1os de la guerra.<\/p><p>Nuestro trabajo es el resultado de escuchar lo que la comunidad de sobrevivientes ten\u00eda para contar. Fueron ellos quienes nos llevaron a los sitios donde ocurrieron las masacres, y nos comunicaron su inter\u00e9s de que esto se conozca, de tal manera que se haga justicia, y para prevenir que vuelva a pasar.<\/p><p>En total se cuentan m\u00e1s de 60 masacres en el per\u00edodo que va desde 1979 a 1992. Lo que presentamos es solo una muestra de estos eventos.<\/p><p>En 2022 se celebran 30 a\u00f1os de los acuerdos de paz que pusieron fin a la guerra en El Salvador, y luego, en 2023, se conmemoran los 30 a\u00f1os de la publicaci\u00f3n del informe de la Comisi\u00f3n de la Verdad, titulado \u2018De la locura a la esperanza\u2019.<\/p><p>Lo que ver\u00e1n a continuaci\u00f3n responde a las recomendaciones de la Comisi\u00f3n, y los anhelos de las comunidades de Chalatenango.<\/p><p>\u2019Las Masacres de Chalatenango\u2019 es un proyecto documental producido por <strong>Juan Andr\u00e9s Bello<\/strong> (<strong>Triana Media<\/strong>) con el apoyo del <strong>Canada Council for the Arts<\/strong> (Consejo de las Artes de Canada), the <strong>London Arts Council<\/strong> (Consejo de las Artes de London), y la <strong>the Sumpul Association,<\/strong>.<\/p>\t\t\t\t\t<\/div>\n\t\t\t\t\t\t<\/div>\n\t\t\t\t<\/div>\n\t\t\t\t\t\t<\/div>\n\t\t\t\t\t<\/div>\n\t\t<\/div>\n\t\t\t\t\t\t\t\t<\/div>\n\t\t\t\t\t<\/div>\n\t\t<\/section>\n\t\t\t\t\t\t<\/div>\n\t\t\t\t\t\t<\/div>\n\t\t\t\t\t<\/div>","protected":false},"excerpt":{"rendered":"<p>Las Masacres de Chalatenango es un proyecto documental que da cuenta de las masacres que fueron perpetradas en Chalatenango, El Salvador, durante los primeros a\u00f1os de la guerra. Nuestro trabajo es el resultado de escuchar lo que la comunidad de sobrevivientes ten\u00eda para contar. Fueron ellos quienes nos llevaron a los sitios donde ocurrieron las [&hellip;]<\/p>","protected":false},"author":1,"featured_media":0,"parent":0,"menu_order":0,"comment_status":"closed","ping_status":"closed","template":"elementor_header_footer","meta":{"_themeisle_gutenberg_block_has_review":false},"yoast_head":"<!-- This site is optimized with the Yoast SEO plugin v17.5 - https:\/\/yoast.com\/wordpress\/plugins\/seo\/ -->\n<title>Home - Londombia<\/title>\n<meta name=\"robots\" content=\"index, follow, max-snippet:-1, max-image-preview:large, max-video-preview:-1\" \/>\n<link rel=\"canonical\" href=\"http:\/\/memorialchalatenango.com\/en\/\" \/>\n<meta property=\"og:locale\" content=\"en_US\" \/>\n<meta property=\"og:type\" content=\"article\" \/>\n<meta property=\"og:title\" content=\"Home - Londombia\" \/>\n<meta property=\"og:description\" content=\"Las Masacres de Chalatenango es un proyecto documental que da cuenta de las masacres que fueron perpetradas en Chalatenango, El Salvador, durante los primeros a\u00f1os de la guerra. Nuestro trabajo es el resultado de escuchar lo que la comunidad de sobrevivientes ten\u00eda para contar. Fueron ellos quienes nos llevaron a los sitios donde ocurrieron las [&hellip;]\" \/>\n<meta property=\"og:url\" content=\"http:\/\/memorialchalatenango.com\/en\/\" \/>\n<meta property=\"og:site_name\" content=\"Londombia\" \/>\n<meta property=\"article:modified_time\" content=\"2021-11-30T00:52:52+00:00\" \/>\n<meta property=\"og:image\" content=\"http:\/\/memorialchalatenango.com\/wp-content\/uploads\/2021\/11\/sobrevivientes-masacre-los-amates-02.jpg\" \/>\n<meta name=\"twitter:card\" content=\"summary_large_image\" \/>\n<meta name=\"twitter:label1\" content=\"Est. reading time\" \/>\n\t<meta name=\"twitter:data1\" content=\"2 minutes\" \/>\n<script type=\"application\/ld+json\" class=\"yoast-schema-graph\">{\"@context\":\"https:\/\/schema.org\",\"@graph\":[{\"@type\":\"WebSite\",\"@id\":\"http:\/\/memorialchalatenango.com\/#website\",\"url\":\"http:\/\/memorialchalatenango.com\/\",\"name\":\"Londombia\",\"description\":\"Celebrating the presence of the Colombian community in London\",\"potentialAction\":[{\"@type\":\"SearchAction\",\"target\":{\"@type\":\"EntryPoint\",\"urlTemplate\":\"http:\/\/memorialchalatenango.com\/?s={search_term_string}\"},\"query-input\":\"required name=search_term_string\"}],\"inLanguage\":\"en-CA\"},{\"@type\":\"ImageObject\",\"@id\":\"http:\/\/memorialchalatenango.com\/#primaryimage\",\"inLanguage\":\"en-CA\",\"url\":\"http:\/\/memorialchalatenango.com\/wp-content\/uploads\/2021\/11\/sobrevivientes-masacre-los-amates-02.jpg\",\"contentUrl\":\"http:\/\/memorialchalatenango.com\/wp-content\/uploads\/2021\/11\/sobrevivientes-masacre-los-amates-02.jpg\",\"width\":2000,\"height\":1333},{\"@type\":\"WebPage\",\"@id\":\"http:\/\/memorialchalatenango.com\/#webpage\",\"url\":\"http:\/\/memorialchalatenango.com\/\",\"name\":\"Home - Londombia\",\"isPartOf\":{\"@id\":\"http:\/\/memorialchalatenango.com\/#website\"},\"primaryImageOfPage\":{\"@id\":\"http:\/\/memorialchalatenango.com\/#primaryimage\"},\"datePublished\":\"2021-11-26T10:26:44+00:00\",\"dateModified\":\"2021-11-30T00:52:52+00:00\",\"breadcrumb\":{\"@id\":\"http:\/\/memorialchalatenango.com\/#breadcrumb\"},\"inLanguage\":\"en-CA\",\"potentialAction\":[{\"@type\":\"ReadAction\",\"target\":[\"http:\/\/memorialchalatenango.com\/\"]}]},{\"@type\":\"BreadcrumbList\",\"@id\":\"http:\/\/memorialchalatenango.com\/#breadcrumb\",\"itemListElement\":[{\"@type\":\"ListItem\",\"position\":1,\"name\":\"Home\",\"item\":\"http:\/\/memorialchalatenango.com\/\"},{\"@type\":\"ListItem\",\"position\":2,\"name\":\"Home\"}]}]}<\/script>\n<!-- \/ Yoast SEO plugin. -->","yoast_head_json":{"title":"Home - Londombia","robots":{"index":"index","follow":"follow","max-snippet":"max-snippet:-1","max-image-preview":"max-image-preview:large","max-video-preview":"max-video-preview:-1"},"canonical":"http:\/\/memorialchalatenango.com\/en\/","og_locale":"en_US","og_type":"article","og_title":"Home - Londombia","og_description":"Las Masacres de Chalatenango es un proyecto documental que da cuenta de las masacres que fueron perpetradas en Chalatenango, El Salvador, durante los primeros a\u00f1os de la guerra. Nuestro trabajo es el resultado de escuchar lo que la comunidad de sobrevivientes ten\u00eda para contar. Fueron ellos quienes nos llevaron a los sitios donde ocurrieron las [&hellip;]","og_url":"http:\/\/memorialchalatenango.com\/en\/","og_site_name":"Londombia","article_modified_time":"2021-11-30T00:52:52+00:00","og_image":[{"url":"http:\/\/memorialchalatenango.com\/wp-content\/uploads\/2021\/11\/sobrevivientes-masacre-los-amates-02.jpg"}],"twitter_card":"summary_large_image","twitter_misc":{"Est. reading time":"2 minutes"},"schema":{"@context":"https:\/\/schema.org","@graph":[{"@type":"WebSite","@id":"http:\/\/memorialchalatenango.com\/#website","url":"http:\/\/memorialchalatenango.com\/","name":"Londombia","description":"Celebrating the presence of the Colombian community in London","potentialAction":[{"@type":"SearchAction","target":{"@type":"EntryPoint","urlTemplate":"http:\/\/memorialchalatenango.com\/?s={search_term_string}"},"query-input":"required name=search_term_string"}],"inLanguage":"en-CA"},{"@type":"ImageObject","@id":"http:\/\/memorialchalatenango.com\/#primaryimage","inLanguage":"en-CA","url":"http:\/\/memorialchalatenango.com\/wp-content\/uploads\/2021\/11\/sobrevivientes-masacre-los-amates-02.jpg","contentUrl":"http:\/\/memorialchalatenango.com\/wp-content\/uploads\/2021\/11\/sobrevivientes-masacre-los-amates-02.jpg","width":2000,"height":1333},{"@type":"WebPage","@id":"http:\/\/memorialchalatenango.com\/#webpage","url":"http:\/\/memorialchalatenango.com\/","name":"Home - Londombia","isPartOf":{"@id":"http:\/\/memorialchalatenango.com\/#website"},"primaryImageOfPage":{"@id":"http:\/\/memorialchalatenango.com\/#primaryimage"},"datePublished":"2021-11-26T10:26:44+00:00","dateModified":"2021-11-30T00:52:52+00:00","breadcrumb":{"@id":"http:\/\/memorialchalatenango.com\/#breadcrumb"},"inLanguage":"en-CA","potentialAction":[{"@type":"ReadAction","target":["http:\/\/memorialchalatenango.com\/"]}]},{"@type":"BreadcrumbList","@id":"http:\/\/memorialchalatenango.com\/#breadcrumb","itemListElement":[{"@type":"ListItem","position":1,"name":"Home","item":"http:\/\/memorialchalatenango.com\/"},{"@type":"ListItem","position":2,"name":"Home"}]}]}},"_links":{"self":[{"href":"http:\/\/memorialchalatenango.com\/en\/wp-json\/wp\/v2\/pages\/533"}],"collection":[{"href":"http:\/\/memorialchalatenango.com\/en\/wp-json\/wp\/v2\/pages"}],"about":[{"href":"http:\/\/memorialchalatenango.com\/en\/wp-json\/wp\/v2\/types\/page"}],"author":[{"embeddable":true,"href":"http:\/\/memorialchalatenango.com\/en\/wp-json\/wp\/v2\/users\/1"}],"replies":[{"embeddable":true,"href":"http:\/\/memorialchalatenango.com\/en\/wp-json\/wp\/v2\/comments?post=533"}],"version-history":[{"count":38,"href":"http:\/\/memorialchalatenango.com\/en\/wp-json\/wp\/v2\/pages\/533\/revisions"}],"predecessor-version":[{"id":1098,"href":"http:\/\/memorialchalatenango.com\/en\/wp-json\/wp\/v2\/pages\/533\/revisions\/1098"}],"wp:attachment":[{"href":"http:\/\/memorialchalatenango.com\/en\/wp-json\/wp\/v2\/media?parent=533"}],"curies":[{"name":"wp","href":"https:\/\/api.w.org\/{rel}","templated":true}]}}

<div data-elementor-type="wp-page" data-elementor-id="533" class="elementor elementor-533" data-elementor-settings="[]">
						<div class="elementor-inner">
							<div class="elementor-section-wrap">
							<section class="elementor-section elementor-top-section elementor-element elementor-element-12874403 elementor-section-full_width elementor-section-stretched elementor-section-height-default elementor-section-height-default" data-id="12874403" data-element_type="section" data-settings="{&quot;stretch_section&quot;:&quot;section-stretched&quot;}">
						<div class="elementor-container elementor-column-gap-default">
							<div class="elementor-row">
					<div class="elementor-column elementor-col-100 elementor-top-column elementor-element elementor-element-59304f6a" data-id="59304f6a" data-element_type="column">
			<div class="elementor-column-wrap elementor-element-populated">
							<div class="elementor-widget-wrap">
						<div class="elementor-element elementor-element-4a549c6 elementor-widget elementor-widget-image" data-id="4a549c6" data-element_type="widget" data-widget_type="image.default">
				<div class="elementor-widget-container">
								<div class="elementor-image">
												<img width="2000" height="1333" src="http://memorialchalatenango.com/wp-content/uploads/2021/11/sobrevivientes-masacre-los-amates-02.jpg" class="attachment-full size-full" alt="" loading="lazy" srcset="http://memorialchalatenango.com/wp-content/uploads/2021/11/sobrevivientes-masacre-los-amates-02.jpg 2000w, http://memorialchalatenango.com/wp-content/uploads/2021/11/sobrevivientes-masacre-los-amates-02-300x200.jpg 300w, http://memorialchalatenango.com/wp-content/uploads/2021/11/sobrevivientes-masacre-los-amates-02-1024x682.jpg 1024w, http://memorialchalatenango.com/wp-content/uploads/2021/11/sobrevivientes-masacre-los-amates-02-768x512.jpg 768w, http://memorialchalatenango.com/wp-content/uploads/2021/11/sobrevivientes-masacre-los-amates-02-1536x1024.jpg 1536w, http://memorialchalatenango.com/wp-content/uploads/2021/11/sobrevivientes-masacre-los-amates-02-18x12.jpg 18w, http://memorialchalatenango.com/wp-content/uploads/2021/11/sobrevivientes-masacre-los-amates-02-1200x800.jpg 1200w, http://memorialchalatenango.com/wp-content/uploads/2021/11/sobrevivientes-masacre-los-amates-02-1980x1320.jpg 1980w" sizes="(max-width: 2000px) 100vw, 2000px" />														</div>
						</div>
				</div>
						</div>
					</div>
		</div>
								</div>
					</div>
		</section>
				<section class="elementor-section elementor-top-section elementor-element elementor-element-97737ec elementor-section-boxed elementor-section-height-default elementor-section-height-default" data-id="97737ec" data-element_type="section">
						<div class="elementor-container elementor-column-gap-default">
							<div class="elementor-row">
					<div class="elementor-column elementor-col-100 elementor-top-column elementor-element elementor-element-3dd2e57" data-id="3dd2e57" data-element_type="column">
			<div class="elementor-column-wrap elementor-element-populated">
							<div class="elementor-widget-wrap">
						<div class="elementor-element elementor-element-0d2a108 elementor-widget elementor-widget-text-editor" data-id="0d2a108" data-element_type="widget" data-widget_type="text-editor.default">
				<div class="elementor-widget-container">
								<div class="elementor-text-editor elementor-clearfix">
				<p><strong>Las Masacres de Chalatenango</strong> es un proyecto documental que da cuenta de las masacres que fueron perpetradas en Chalatenango, El Salvador, durante los primeros años de la guerra.</p><p>Nuestro trabajo es el resultado de escuchar lo que la comunidad de sobrevivientes tenía para contar. Fueron ellos quienes nos llevaron a los sitios donde ocurrieron las masacres, y nos comunicaron su interés de que esto se conozca, de tal manera que se haga justicia, y para prevenir que vuelva a pasar.</p><p>En total se cuentan más de 60 masacres en el período que va desde 1979 a 1992. Lo que presentamos es solo una muestra de estos eventos.</p><p>En 2022 se celebran 30 años de los acuerdos de paz que pusieron fin a la guerra en El Salvador, y luego, en 2023, se conmemoran los 30 años de la publicación del informe de la Comisión de la Verdad, titulado ‘De la locura a la esperanza’.</p><p>Lo que verán a continuación responde a las recomendaciones de la Comisión, y los anhelos de las comunidades de Chalatenango.</p><p>’Las Masacres de Chalatenango’ es un proyecto documental producido por <strong>Juan Andrés Bello</strong> (<strong>Triana Media</strong>) con el apoyo del <strong>Canada Council for the Arts</strong> (Consejo de las Artes de Canada), the <strong>London Arts Council</strong> (Consejo de las Artes de London), y la <strong>the Sumpul Association,</strong>.</p>					</div>
						</div>
				</div>
						</div>
					</div>
		</div>
								</div>
					</div>
		</section>
						</div>
						</div>
					</div>

<p>Las Masacres de Chalatenango es un proyecto documental que da cuenta de las masacres que fueron perpetradas en Chalatenango, El Salvador, durante los primeros años de la guerra. Nuestro trabajo es el resultado de escuchar lo que la comunidad de sobrevivientes tenía para contar. Fueron ellos quienes nos llevaron a los sitios donde ocurrieron las [&hellip;]</p>

<!-- This site is optimized with the Yoast SEO plugin v17.5 - https://yoast.com/wordpress/plugins/seo/ -->
<title>Home - Londombia</title>
<meta name="robots" content="index, follow, max-snippet:-1, max-image-preview:large, max-video-preview:-1" />
<link rel="canonical" href="http://memorialchalatenango.com/en/" />
<meta property="og:locale" content="en_US" />
<meta property="og:type" content="article" />
<meta property="og:title" content="Home - Londombia" />
<meta property="og:description" content="Las Masacres de Chalatenango es un proyecto documental que da cuenta de las masacres que fueron perpetradas en Chalatenango, El Salvador, durante los primeros años de la guerra. Nuestro trabajo es el resultado de escuchar lo que la comunidad de sobrevivientes tenía para contar. Fueron ellos quienes nos llevaron a los sitios donde ocurrieron las [&hellip;]" />
<meta property="og:url" content="http://memorialchalatenango.com/en/" />
<meta property="og:site_name" content="Londombia" />
<meta property="article:modified_time" content="2021-11-30T00:52:52+00:00" />
<meta property="og:image" content="http://memorialchalatenango.com/wp-content/uploads/2021/11/sobrevivientes-masacre-los-amates-02.jpg" />
<meta name="twitter:card" content="summary_large_image" />
<meta name="twitter:label1" content="Est. reading time" />
	<meta name="twitter:data1" content="2 minutes" />
<script type="application/ld+json" class="yoast-schema-graph">{"@context":"https://schema.org","@graph":[{"@type":"WebSite","@id":"http://memorialchalatenango.com/#website","url":"http://memorialchalatenango.com/","name":"Londombia","description":"Celebrating the presence of the Colombian community in London","potentialAction":[{"@type":"SearchAction","target":{"@type":"EntryPoint","urlTemplate":"http://memorialchalatenango.com/?s={search_term_string}"},"query-input":"required name=search_term_string"}],"inLanguage":"en-CA"},{"@type":"ImageObject","@id":"http://memorialchalatenango.com/#primaryimage","inLanguage":"en-CA","url":"http://memorialchalatenango.com/wp-content/uploads/2021/11/sobrevivientes-masacre-los-amates-02.jpg","contentUrl":"http://memorialchalatenango.com/wp-content/uploads/2021/11/sobrevivientes-masacre-los-amates-02.jpg","width":2000,"height":1333},{"@type":"WebPage","@id":"http://memorialchalatenango.com/#webpage","url":"http://memorialchalatenango.com/","name":"Home - Londombia","isPartOf":{"@id":"http://memorialchalatenango.com/#website"},"primaryImageOfPage":{"@id":"http://memorialchalatenango.com/#primaryimage"},"datePublished":"2021-11-26T10:26:44+00:00","dateModified":"2021-11-30T00:52:52+00:00","breadcrumb":{"@id":"http://memorialchalatenango.com/#breadcrumb"},"inLanguage":"en-CA","potentialAction":[{"@type":"ReadAction","target":["http://memorialchalatenango.com/"]}]},{"@type":"BreadcrumbList","@id":"http://memorialchalatenango.com/#breadcrumb","itemListElement":[{"@type":"ListItem","position":1,"name":"Home","item":"http://memorialchalatenango.com/"},{"@type":"ListItem","position":2,"name":"Home"}]}]}</script>
<!-- / Yoast SEO plugin. -->

Las Masacres de Chalatenango es un proyecto documental que da cuenta de las masacres que fueron perpetradas en Chalatenango, El Salvador, durante los primeros años de la guerra. Nuestro trabajo es el resultado de escuchar lo que la comunidad de sobrevivientes tenía para contar. Fueron ellos quienes nos llevaron a los sitios donde ocurrieron las [&hellip;]
